9?
1413
In base 5, what is 41 + -443211240?
-443211144
In base 8, what is 54555 - 646?
53707
In base 14, what is 7328 - 24d9?
4c2d
In base 15, what is -1342 - -116c?
-1c5
In base 11, what is 12 - 3150?
-3139
In base 15, what is -2 - 137e12?
-137e14
In base 9, what is -21 + 15440040?
15440018
In base 2, what is -1010011101000001111 + 1?
-1010011101000001110
In base 3, what is -1001 + -21100001022?
-21100002100
In base 12, what is 9b2 - -5869?
665b
In base 6, what is 4100212 - -120?
4100332
In base 3, what is -10120 - 2022000001000?
-2022000011120
In base 6, what is 3 + -10131155533?
-10131155530
In base 12, what is 485539a + -4?
4855396
In base 6, what is -552205 - -2041?
-550124
In base 6, what is 4 - 2130454035?
-2130454031
In base 9, what is 20316356 + 8?
20316365
In base 11, what is -85435 - -60?
-85385
In base 4, what is 201101023333 + 233?
201101030232
In base 8, what is 4 - -13777020?
13777024
In base 7, what is 5233 - 3304561?
-3266325
In base 11, what is -27 - -26a07a5?
26a0779
In base 6, what is -24125 - 224400?
-252525
In base 10, what is 77 - 49254?
-49177
In base 2, what is 100 - -10000100000011110111011?
10000100000011110111111
In base 10, what is 6006083 - -3?
6006086
In base 11, what is -2 + 2063482?
2063480
In base 3, what is 101210120 + -202101211?
-100121021
In base 6, what is -245305 - 3032?
-252341
In base 13, what is 4ac386a8 + 0?
4ac386a8
In base 4, what is 1 - 3032130001230?
-3032130001223
In base 15, what is 380eb8 - -306?
3812be
In base 9, what is 324745703 + -4?
324745688
In base 4, what is 3110101 + -11102011?
-1331310
In base 16, what is 4 + bc6bb3?
bc6bb7
In base 16, what is -baa0 + -2?
-baa2
In base 5, what is 2031 - 2413442?
-2411411
In base 4, what is -3322213 - -12311?
-3303302
In base 4, what is -1312233 - 10300?
-1323133
In base 2, what is 1000000100110101 - -100011111?
1000001001010100
In base 15, what is 6d0 - 2db?
3e4
In base 14, what is 8013 + -95c8?
-15b5
In base 10, what is 1964579 - -6?
1964585
In base 3, what is -112220 + -2021201120?
-2022021110
In base 10, what is 72090 - 1990?
70100
In base 4, what is 301 - 100230032112?
-100230031211
In base 11, what is -439833 - -2?
-439831
In base 9, what is -16 - -12658602?
12658575
In base 11, what is -1904 + 3583?
177a
In base 8, what is 5 + 5766723?
5766730
In base 7, what is 4 + 2456036444?
2456036451
In base 7, what is 6406 + 531411?
541120
In base 3, what is -100 - -2101112111111212?
2101112111111112
In base 8, what is -14 - 5146063?
-5146077
In base 9, what is -3 - 45011177?
-45011181
In base 9, what is 2703586 + 7?
2703604
In base 7, what is 65 + -11243534?
-11243436
In base 13, what is 9a9c289 - -5?
9a9c291
In base 10, what is -29278 + -51?
-29329
In base 3, what is -201 - 11110022002122?
-11110022010100
In base 8, what is 1650 + -70647?
-66777
In base 14, what is -2003537 + -16?
-200354d
In base 9, what is 4280 + -2206?
2073
In base 11, what is 1 - -2922052?
2922053
In base 6, what is 514 + -240234?
-235320
In base 5, what is -23212143 + -32?
-23212230
In base 3, what is 10 + -2222001020201?
-2222001020121
In base 16, what is 1bb + 17d9?
1994
In base 4, what is 11212033 - 11102101?
103332
In base 12, what is 42b77 + -224?
42953
In base 3, what is 1021 + -20122121200100?
-20122121122002
In base 15, what is 1 - 419ea8?
-419ea7
In base 12, what is 136 + 92739?
92873
In base 5, what is 414444110003 + 10?
414444110013
In base 14, what is -484 + 3c88?
3804
In base 12, what is 1190666 - 4?
1190662
In base 7, what is 112 + -35035606?
-35035464
In base 6, what is 4433133 + 41?
4433214
In base 2, what is 1110111010010000010000011100 + -1?
1110111010010000010000011011
In base 8, what is -1 + -3561113?
-3561114
In base 3, what is -11 + -200210202010220?
-200210202011001
In base 13, what is 3 - -28b8526?
28b8529
In base 10, what is 41136 - 1?
41135
In base 2, what is -1010011 - 101000000110101000?
-101000000111111011
In base 15, what is cc6 + -15?
cb1
In base 11, what is 15052 - 1046?
14007
In base 2, what is -11 - -1110000001110011011010?
1110000001110011010111
In base 4, what is 1013012130213 + -1?
1013012130212
In base 9, what is 2553 + 2436?
5100
In base 10, what is 539 - -996279?
996818
In base 13, what is -7 + -10288a6?
-10288b0
In base 12, what is 87 + 418b4?
4197b
In base 3, what is 111022222221 + 2100?
111100002021
In base 2, what is -10001111011101110101101 + 10?
-10001111011101110101011
In base 10, what is 213 - -31902?
32115
In base 2, what is -10000011010 - 10011011001000111?
-10011101001100001
In base 5, what is -30114023 + -32?
-30114110
In base 4, what is -112 + -10213013332?
-10213020110
In base 7, what is -4236351100 + -2?
-4236351102
In base 10, what is 9784 - -311?
10095
In base 6, what is -1051 + -4441305?
-4442400
In base 12, what is -101b38 - b66?
-102aa2
In base 5, what is 2 - -2200241213?
2200241220
In base 13, what is 27655 + -544?
27111
In base 14, what is -1 - 1dc2d7?
-1dc2d8
In base 7, what is 5 + -3504266?
-3504261
In base 6, what is 1 + 10242515555?
10242520000
In base 11, what is -1a67902 - -9?
-1a678a4
In base 14, what is -4561576 + -4?
-456157a
In base 12, what is -4525878 - 1?
-4525879
In base 15, what is -a2db8 - -5?
-a2db3
In base 16, what is 3 - -40a9656?
40a9659
In base 7, what is -10 + 1132340?
1132330
In base 8, what is 13 - -147666167?
147666202
In base 9, what is 27365460 - -1?
27365461
In base 5, what is 41112402304 + -4?
41112402300
In base 4, what is 2 + 11321220122?
11321220130
In base 3, what is -211110 + -110212212?
-111201022
In base 13, what is -15 - 12c0a7a0?
-12c0a7b5
In base 14, what is 85 - 14b64?
-14abd
In base 11, what is -1a244 - -1578?
-18777
In base 14, what is 1468 - -526d9?
53b63
In base 16, what is -c8d3 - 2c09?
-f4dc
In base 16, what is 8 - -b9f82?
b9f8a
In base 2, what is -100111 - -1010110110000001110100?
1010110110000001001101
In base 2, what is 101 - -1100111100101011001101101?
1100111100101011001110010
In base 6, what is -5515303544 - -21?
-5515303523
In base 8, what is -50325 - 1111?
-51436
In base 7, what is 36034 + -4121?
31613
In base 5, what is -310 - 12224011?
-12224321
In base 11, what is 72263 - 51?
72212
In base 15, what is -b7905c - -5?
-b79057
In base 7, what is -10556 + 4502?
-3054
In base 14, what is 353b2 + c9?
3549b
In base 6, what is -121 - 1200520?
-1201041
In base 9, what is 3425503 + 10?
3425513
In base 15, what is 5112a8b + -4?
5112a87
In base 13, what is 58c4370 - 5?
58c4368
In base 13, what is 4c - -5435c4a?
5435c99
In base 3, what is 11111020 + 211022102201?
211110220221
In base 6, what is -1023214 + -401?
-1024015
In base 11, what is -87 - -14317?
14240
In base 16, what is 13c37 - a4?
13b93
In base 16, what is -31 + -17e78?
-17ea9
In base 15, what is 375 - -4e26?
529b
In base 13, what is -4 - -484ba2?
484b9b
In base 8, what is 267 - -163166?
163455
In base 10, what is -5 + 17740910?
17740905
In base 2, what is -10100111 + -10011010010010111?
-10011010100111110
In base 8, what is 4124207571 - 1?
4124207570
In base 16, what is 1033e7a + 3?
1033e7d
In base 2, what is -10010110 - -101001000011000010?
101001000000101100
In base 15, what is -190 - -9d4d7?
9d347
In base 16, what is 984aa - -4?
984ae
In base 14, what is 507525 - 22?
507503
In base 16, what is fe + 36a6?
37a4
In base 12, what is -4063b66 + 78?
-4063aaa
In base 7, what is 1442646 - 26?
1442620
In base 13, what is -3 - 29000b?
-290011
In base 10, what is 20187 - -33455?
53642
In base 16, what is 315 - -a637c?
a6691
In base 16, what is -196196 - -3?
-196193
In base 11, what is 102937 + 342?
103179
In base 4, what is -2 + 300121223112?
300121223110
In base 14, what is -5b9 - 1cca?
-24a5
In base 16, what is -2b - 1ace63?
-1ace8e
In base 4, what is -122210 + 1110313?
322103
In base 10, what is 7 + 4669368?
4669375
In base 11, what is -12 - 688513?
-688525
In base 9, what is -2350 - 77177?
-80537
In base 5, what is 201231021 + 103?
201231124
In base 16, what is -3dc + -1b7f?
-1f5b
In base 2, what is 1011111010101 - 100110110100101?
-11010111010000
In base 3, what is 1110111010 - -111000?
1110222010
In base 3, what is 1211210220 - -1000211?
1212211201
In base 13, what is -4 + 11171a45?
11171a41
In base 16, what is -50bfef + -5?
-50bff4
In base 3, what is 120222012 + -10100211?
110121101
In base 15, what is -dc2 - ee?
